6, what is 15 - -1423?
1442
In base 9, what is -312 - 16858?
-17271
In base 15, what is -659 + 29a?
-3ae
In base 4, what is -10 - 22210?
-22220
In base 10, what is 6 - -5579?
5585
In base 16, what is 51e82d + 4?
51e831
In base 11, what is 1435922 + 4?
1435926
In base 6, what is 243 + -2524?
-2241
In base 5, what is 22420 - -301?
23221
In base 13, what is 2ab7 - -236?
3020
In base 9, what is -22324 + 8?
-22315
In base 8, what is 1 - 1162205?
-1162204
In base 6, what is -3 + 2221121?
2221114
In base 14, what is 1c0 - 1b8?
6
In base 13, what is -10 + 18bc?
18ac
In base 2, what is 111000100101101 + 100?
111000100110001
In base 7, what is 26024234 + -1?
26024233
In base 4, what is -103330 - -111?
-103213
In base 13, what is 33c - 55?
2b7
In base 2, what is 11011011111111101 - -101?
11011100000000010
In base 13, what is -10b84 - -4?
-10b80
In base 3, what is -111122 + 21?
-111101
In base 16, what is -213f5 - 1?
-213f6
In base 3, what is -11 - -2200112101?
2200112020
In base 13, what is 19c24b + 2?
19c250
In base 2, what is 1111011 - 1100101011?
-1010110000
In base 4, what is 222120 - 11?
222103
In base 5, what is 11332 - 140?
11142
In base 14, what is -4c037 - -3?
-4c034
In base 6, what is 1043 + 400?
1443
In base 15, what is -3a5 - 14?
-3b9
In base 5, what is 42043 + -10334?
31204
In base 13, what is 11 + 310a?
311b
In base 2, what is -11100111100 + 101110?
-11100001110
In base 8, what is 2 - 25500?
-25476
In base 16, what is 376 + -11?
365
In base 7, what is -10223 + 2?
-10221
In base 12, what is 3 + 1601?
1604
In base 15, what is -a9e11 + -3?
-a9e14
In base 2, what is -1 - -10000000010001111?
10000000010001110
In base 2, what is 1001111110111001010011 + -101?
1001111110111001001110
In base 16, what is 546 - -a?
550
In base 14, what is 2630 + 5?
2635
In base 11, what is -36991 - 1a?
-36a00
In base 9, what is 32062 - 480?
31472
In base 3, what is 11111 + -11120100?
-11101212
In base 13, what is -35 - -9?
-29
In base 10, what is -3724 - 27?
-3751
In base 14, what is -2 - 3d45?
-3d47
In base 10, what is 2616 + 394?
3010
In base 12, what is 51434 - -7?
5143b
In base 11, what is 5 - -5a4381?
5a4386
In base 5, what is -20024423 - 1?
-20024424
In base 3, what is 2 + 22211001000?
22211001002
In base 8, what is 15 - -15267?
15304
In base 7, what is -1013035 + -1?
-1013036
In base 12, what is 15161 - -a?
1516b
In base 2, what is -11 - 100101001011100010?
-100101001011100101
In base 10, what is 3 + 869158?
869161
In base 2, what is -1010101010010011 + -100000?
-1010101010110011
In base 2, what is 1101100 - 110010100010101?
-110010010101001
In base 7, what is 354412 + 1?
354413
In base 12, what is -1563 - 262?
-1805
In base 14, what is -1a6199 + -1?
-1a619a
In base 12, what is 2 - -a8618?
a861a
In base 11, what is 4 - -68900?
68904
In base 12, what is -1 + 11021?
11020
In base 14, what is 14 - -2b0c?
2b22
In base 5, what is -134 + -11403?
-12042
In base 12, what is 1191 - 0?
1191
In base 11, what is 7529 - 13?
7516
In base 10, what is -1617 - -39?
-1578
In base 13, what is -1 + 7650?
764c
In base 16, what is 16 - 12cd?
-12b7
In base 16, what is 9 - 14cc?
-14c3
In base 11, what is 1 - -4136a?
41370
In base 15, what is 1 - -4316?
4317
In base 10, what is -39 - 58088?
-58127
In base 3, what is 1 + -20010202?
-20010201
In base 12, what is b63b - 4?
b637
In base 10, what is 5 - 83632?
-83627
In base 15, what is 44e5 - 7?
44dd
In base 2, what is -11001111011101 - 10100100?
-11010010000001
In base 9, what is -2076 + -20?
-2106
In base 14, what is -385 - -1b3?
-1b2
In base 15, what is -35a - -43?
-317
In base 9, what is 2142018 + 1?
2142020
In base 15, what is 2 - -5c6bd?
5c6c0
In base 5, what is 10 + 13110441?
13111001
In base 12, what is -2 - -16846?
16844
In base 9, what is -524853 - -2?
-524851
In base 13, what is 273ba + 8?
273c5
In base 15, what is -4 - 13583c?
-135841
In base 16, what is -e29 + 5?
-e24
In base 5, what is 10 + -43304130?
-43304120
In base 11, what is 8319 + -5a?
826a
In base 5, what is 223 - 1232?
-1004
In base 15, what is -cbdc - a?
-cbe7
In base 9, what is -4 - -3341?
3336
In base 15, what is 13 - -ca9?
cbc
In base 6, what is 14513 - -15?
14532
In base 4, what is -2 - 2222001202?
-2222001210
In base 14, what is -641 - 4c?
-68d
In base 5, what is -4 - 304434424?
-304434433
In base 5, what is 1422231 - -2?
1422233
In base 11, what is -1 - 2802?
-2803
In base 6, what is -30545 + -30?
-31015
In base 14, what is 21b5 + -20?
2195
In base 15, what is -2aa7 + -be?
-2b76
In base 9, what is 733 + -2770?
-2036
In base 6, what is -3 - -21105?
21102
In base 4, what is 321122 - -23?
321211
In base 15, what is -2 + 10444?
10442
In base 12, what is 2 + 1785?
1787
In base 14, what is 26 + 29a83?
29aa9
In base 9, what is -23 - 4111?
-4134
In base 5, what is 1 + -2133110?
-2133104
In base 12, what is 3 + -404b70?
-404b69
In base 11, what is 203 - -3a6?
5a9
In base 5, what is 1344 + 144334?
201233
In base 12, what is 3882 - 4?
387a
In base 10, what is -34729 - -11?
-34718
In base 6, what is 4355 - -1534?
10333
In base 5, what is -3 - 4420003?
-4420011
In base 8, what is 10742 + 1155?
12117
In base 10, what is 2046 + 42?
2088
In base 16, what is 7c32 + -3?
7c2f
In base 14, what is -1952 + 6?
-194a
In base 2, what is 10011110000 - 10101?
10011011011
In base 4, what is -31 + -132011030?
-132011121
In base 5, what is 1 - 10403112?
-10403111
In base 12, what is -68181 - b?
-68190
In base 7, what is 11 + 630031?
630042
In base 2, what is 11 + 11000001010100110?
11000001010101001
In base 7, what is 464 - 3402?
-2605
In base 4, what is 13113110 + 122?
13113232
In base 16, what is -928e - 0?
-928e
In base 16, what is -367 - -9e2?
67b
In base 9, what is -75 - 227?
-313
In base 2, what is 10011001100 + 101100010101?
111111100001
In base 16, what is 3e928 - 5?
3e923
In base 7, what is 11 + -503106?
-503065
In base 16, what is 34 + -11ff?
-11cb
In base 6, what is 35130 - 413?
34313
In base 8, what is 2 - 37460?
-37456
In base 7, what is -2 + 1624050?
1624045
In base 12, what is 2 + -b3b8?
-b3b6
In base 9, what is 3 - -32665?
32668
In base 15, what is -1d58 - 8b?
-1de4
In base 12, what is 1a095 + -14?
1a081
In base 3, what is -12 + -2211010021110?
-2211010021122
In base 4, what is -2 + -1202132?
-1202200
In base 10, what is 291368 + 8?
291376
In base 2, what is -1010010010110110 + 100?
-1010010010110010
In base 16, what is 5b + -12a?
-cf
In base 11, what is 1 - -3600?
3601
In base 5, what is -40222 - 2143?
-42420
In base 2, what is -10101100 - 1110?
-10111010
In base 15, what is 4 + -2ac759?
-2ac755
In base 12, what is -21485 - -11a?
-21367
In base 3, what is -1002 - 110021200?
-110022202
In base 13, what is -b - 28a1a?
-28a28
In base 2, what is -10100000 - 111100111?
-1010000111
In base 9, what is 4 + -1550624?
-1550620
In base 11, what is 105038 + 5?
105042
In base 10, what is -34469 + 1?
-34468
In base 2, what is 10 + -110010000100101010?
-110010000100101000
In base 16, what is 50 + 43f?
48f
In base 11, what is 1 - -3276a?
32770
In base 6, what is 4242304 - -13?
4242321
In base 16, what is 6a + 191?
1fb
In base 15, what is 6 + -337?
-331
In base 12, what is -14 - 24a5?
-24b9
In base 15, what is -11720 - 0?
-11720
In base 5, what is -34 + -44340?
-44424
In base 13, what is 45690a - -2?
45690c
In base 7, what is -5 - -3111155?
3111150
In base 12, what is -12 - 4a5?
-4b7
In base 7, what is -63004 + -56?
-63063
In base 5, what is 1220332 - 0?
1220332
In base 5, what is -13203 + -101?
-13304
In base 10, what is -114070 + 3?
-114067
In base 16, what is -209 + 1f?
-1ea
In base 8, what is -5015 + -53?
-5070
In base 12, what is -2 + -56112?
-56114
In base 15, what is 1 - -d011?
d012
In base 13, what is -6 + -468?
-471
In base 10, what is 117367 - 2?
117365
In base 4, what is 2202 - 123?
2013
In base 16, what is -12971 + 7?
-1296a
In base 15, what is -1 - 25ad?
-25ae
In base 15, what is -9114 + 2?
-9112
In base 10, what is -7630 - -1?
-7629
In base 13, what is -13427 + -5?
-1342c
In base 10, what is 86 + -19091?
-19005
In base 4, what is 33203012 - 1?
33203011
In base 6, what is -10223 - 34?
-10301
In base 3, what is 2011010 + 1010?
2012020
In base 12, what is 27 + -abb?
-a94
In base 12, what is -3 - 1133ba?
-113401
In base 11, what is 734 + a9?
832
In base 11, what is 578 + 38